 125?
124
What is -17 + -1 + 10 + -30 + 13 + 18?
-7
Evaluate (-1 - 5) + 3 + (-9 - (-5 - -5 - 15)).
3
What is the value of 3 + (-8 - 8) + (55 - 46) - (-15 + 4)?
7
Evaluate 191 + -55 + (-55 - -11).
92
What is -26 - (-83 + 93) - -83?
47
Evaluate (5 - (6 + -8)) + (-52 - -20) + -20.
-45
Calculate -22 - (-7 + 69) - (-21 - -3).
-66
What is the value of 3 - (-3 - 1) - (0 + 12 - (217 + -187))?
25
Evaluate 9 - (-4 - -5) - (10 + (-62 - -4)).
56
Evaluate 3 + -11 + 8 + (-12 - -10) + -13.
-15
Evaluate (0 + 16 + 8 - 20) + (-46 - -1).
-41
(-14 - (-10 - (-16 - -19))) + -24
-25
What is 65 + -105 + 1 - -20?
-19
What is -13 - (3 + -5) - (-699 + 645)?
43
What is -36 + (14 - (5 + -2) - (17 + (30 - 37)))?
-35
What is -30 + (35 - 54) - -61?
12
What is 7 + -32 + 4 + -282 + 301?
-2
Calculate 8 + (2 - 6 - (-11 + -16 + 37)).
-6
3 + (2 + 2 - 8) + 7 + -30 + 52
28
78 + -164 + (-2 + 6 - (-10 - -4))
-76
Calculate -45 + -96 + 180 + -32.
7
12 - 0 - ((14 - 21) + (17 - 4 - 21))
27
Evaluate -80 + -9 + 80 + -14.
-23
Evaluate -8 + -22 + 9 + (6 - 3).
-18
Evaluate (-1 - 23) + (-4 - (14 - 12 - 23) - 18).
-25
Calculate 8 - (-37 + 33 - (-4 - (22 - -6))).
-20
What is the value of -82 - -22 - (6 + 19 + -49)?
-36
-1 + 46 - (1826 + -1809)
28
What is the value of -71 + (12 - 31) + 160?
70
Evaluate 1 + -28 + 7 + 4 + -12 + -19.
-47
What is (1 - (-9 + 14) - -15) + -92 + (-1 - -6)?
-76
What is -36 - (-17 + 7 + (34 - 19))?
-41
What is the value of 2 + (94 - -5) - (-5 + 8 - -3)?
95
What is the value of -8 + (-34 - (10 + 0 + (-5 - -10) + -6))?
-51
4 - (61 - (5 - (0 - -12 - (-1 + -1))))
-66
Evaluate 7 - (-9 - (9 - (26 + -19))).
18
What is the value of ((14 - -20) + -49 - (2 - (-2 - -17))) + 71?
69
Calculate -4 - (-4 - 3 - 3 - (891 - 841)).
56
Evaluate 16 - 4 - (17 - (47 - 1) - -47).
-6
What is 44 + 2 + (536 - 588)?
-6
What is the value of (-1 - -20) + -67 + 75 - (-6 - -1)?
32
What is the value of -8 - ((-98 - (15 + -3 + -2)) + (-45 - -38))?
107
Calculate (1 - (49 + (5 - 8) + 8 + 9)) + 1.
-61
Calculate 0 - 4 - (-5 + (-11 - 21) - (0 + -31)).
2
Calculate 7 - (13 - (-1 + 13) - (0 - -24)).
30
What is -22 - (-217 + 97 + 54)?
44
52 + -88 + 93 + -24
33
Calculate (-18 - -15 - -16) + 1 - -12.
26
Calculate -22 - (-12 + 10 + 17 + -8).
-29
Evaluate 91 + (-102 - (-75 + 165)).
-101
What is the value of (-1 - -2) + (-62 - -1) + (-209 + 376 - 175)?
-68
-1 - (53 - 44) - -38
28
What is the value of 14 + (-77 - (6 - 30)) - -8?
-31
11 + 227 + -108 + -225
-95
-166 - (21 - (0 - (26 + -59)))
-154
What is the value of (10 - -11 - 33) + (-2 - (-50 - -1))?
35
What is 40 + (10 - (53 - 31)) + 23?
51
Evaluate -70 - (12 + -54 + (-10 - -22)).
-40
What is the value of (-4 - 0) + 6 + -8 + 5 + -49?
-50
Evaluate -98 - ((11 - 21) + 40 + -50).
-78
What is the value of -11 - (-2 + (20 - (-7 + 26)))?
-10
(-45 - (48 - 49)) + 82
38
Evaluate -460 + 492 - (-9 - -74).
-33
Evaluate -1 + 3 + -129 + 15 + 8 + -3.
-107
What is the value of (-25 - (64 - 8 - 9)) + 2 + -2?
-72
Calculate (-2 - 42) + (51 - (-94 - -173)).
-72
Evaluate -58 + 190 + (-76 - 4).
52
What is -484 - -504 - (21 + 1)?
-2
Calculate 1 - 14 - ((25 - 34) + 38).
-42
What is the value of (-5 - 0) + (47 + -75 - 3) - 12?
-48
Evaluate 28 - ((-22 - (-31 - -8)) + 16).
11
-142 + 82 + 69 - (0 + -3 + 5 + -9)
16
What is (6 - 61) + (-150 - -200)?
-5
22 + (98 - 107) - (64 - 1)
-50
Evaluate -2 + -52 - (-1 - -3) - (991 - 1001).
-46
Calculate (-31 + -4 - 7) + 0 + (-28 - -28).
-42
Evaluate -1 + -66 - (91 + 68 + -147).
-79
What is the value of -1 + 37 + ((7 - 10) + -1 - (364 + -361))?
29
What is the value of -7 - -6 - (-36 - -2 - -53 - (3 + -5))?
-22
Evaluate 14 - 68 - (-26 + -32).
4
Evaluate -13 + (-10 - -1) + -103 + 81 + 5 + -2.
-41
(-8 - -1 - -8 - -25) + (-18 - -8) + 0
16
Calculate 47 - ((56 - 20 - 28) + 4 + 2).
33
Evaluate (85 - (124 - 40)) + (16 - (-6 + 1)).
22
What is 8 - -34 - 45 - (-1 + -1 + 13)?
-14
What is 2 - -51 - (-12 - (5 - (9 + -11 + 12)))?
60
-15 + (14 - (-73 + (-17 - -30 - 6)))
65
-3 + 0 + 31 - (-21 - (35 - 58))
26
What is 409 + -331 + (-2 - (3 - 7 - (-12 - -2)))?
70
What is the value of -8 - 9 - (-12 + (11 - 35))?
19
Calculate (26 - 8) + -14 - -7 - -39.
50
Calculate -29 - (-63 - -125 - 83).
-8
Evaluate -158 + 73 + 102 + -21.
-4
What is the value of -22 - -4 - (497 + -497)?
-18
What is the value of -19 - (28 + 27 + -39) - 31?
-66
Calculate -1 + -3 - (44 + -21 + -8).
-19
29 - ((6 - (-9 + 10 - -6)) + -6)
36
What is 31 + -8 - 33 - (2 + 6 - (133 - 3))?
112
(-18 - -9 - -1) + -4 - (-47 - 5)
40
0 + -32 - (6825 - 6911)
54
What is the value of -919 + 927 + (61 - 4 - (3 - (1 - 0)))?
63
What is 2 - 1 - -1 - (-7 - (10 - (-38 - 1)))?
58
What is the value of (-112 - -97) + (3 - (-1 + 1))?
-12
What is the value of -14 + -57 + -4 + (20 - 12)?
-67
What is the value of 58 + (78 - 78) + 17?
75
-15 - (-29 - (-10 - (-7 + -3)) - (0 + -2))
12
-6 + (-16 + 3 + -1 - -16) + -117
-121
Evaluate (41 + -13 - 16) + -7 - -93.
98
What is 10 - (80 + -25) - -57 - -96?
108
Calculate -64 - (5 - 65 - -4).
-8
What is -1 - (5 + (25 - 28) - (-1 + (-2 - -2)))?
-4
What is the value of -8 + (-47 - 7 - (5 + -2 - 5))?
-60
Evaluate -18 + (65 + -81 - (-47 - -2)).
11
Evaluate -20 + (4 - (0 - -2)) - (243 - 304).
43
27 + (7 + 69 - 40) + -87
-24
What is the value of (25 - 17 - 1 - (-2 + 0 + 9)) + 33?
33
Evaluate -3 + (6 + (8 - (-9 + 7)) + -7 - 15).
-9
What is the value of 18 - ((-2 - 64) + (-79 - -87) + 3)?
73
What is -11 + 2 + (246 - 272)?
-35
Calculate 18 - ((-24 - -2) + -21 + 45 + -33).
49
What is -152 + 180 + 6 + 2?
36
What is -297 + 314 + (2 - (-8 + 0 + 2))?
25
Evaluate -4 + -64 + 80 - 55.
-43
Evaluate 133 + (-84 - (-99 - -108)).
40
(935 - 931) + 10 + (-3 - 0) + (3 - 2)
12
Evaluate 132 + -189 + (40 - -14).
-3
52 + -3 + -1 + (23 - (52 - 25))
44
-10 - (-15 - (-71 - -22))
-44
What is the value of -10 + -1 - (-118 - -86)?
21
6 + 0 + -53 + 39 + 18 + 17
27
What is the value of (29 - 45 - (-1 - -5)) + 13 + (4 - 3)?
-6
What is -48 - 8 - (105 + -145)?
-16
Evaluate 1 + -57 + 100 - 64.
-20
What is the value of 31 + (-30 + 43 - (4 - -14))?
26
41 + (-33 - -20) + 5 + -1
32
-17 + -21 + (19 - 1 - (-61 + 62))
-21
-21 + (32 - 32) - -11 - (1 - 1)
-10
22 + -28 - (0 + (-9 - (-9 + 5)) - -10)
-11
Calculate 31 - ((12 - 13 - (-7 - -13)) + -3).
41
What is the value of -24 - (-26 - (-25 - -11 - -74))?
62
Calculate (24 + -8 + 17 - (-3 + 8 + -13)) + 11.
52
(2 - (-40 - -19 - -8)) + 12
27
What is the value of (-135 - -13) + (-652 - -650)?
-124
Calculate (16 - 9) + -19 - 58 - -7.
-63
Calculate (-11 - (-2 + (-3 - -2))) + 3873 + -3862.
3
13 - (-10 + 12 + (-3 - -7)) - (2 + -6)
11
What is 85 - (108 + -43) - (5 - -93)?
-78
Calculate 48 - (65 + -20) - ((-3 - -75) + 4 + -3).
-70
What is the value of (9 - (-34 + -6 - 3)) + -3 + -16 + 20?
53
What is the value of 1 - 3 - (-9 + -2) - (-281 - (-15 + -259))?
16
Calculate ((-2 - -20) + -11 - 16) + 36.
27
Calculate -1 - -10 - (-18 + -28 + 21).
34
-68 + (-1 - 0) + -35 + -18 + 36
-86
What is (1 - 135) + -11 + (-19 - -17 - -30)?
-117
Evaluate (4 + 2 - -4) + (4 + -72 - -74).
16
What is (-69 - (55 - 70)) + 86?
32
Calculate 83 + 18 + -83 + (-8 - 2) + 0.
8
What is -452 - -466 - ((-2 - -135 - 4) + -3)?
-112
What is the value of 6 + (-23 - 2) + -49 + 62 - (1 + 61)?
-68
(1 - -61 - ((-42 - -84) + -59)) + 0
79
Calculate (-63 - 12) + -149 + 193.
-31
What is the value of -5 + (-8 - -11) + -79 + (-17 - -19)?
-79
-116 + (555 - 558 - (1 - 32))
-88
Calculate 27 + -25 + (20 - 4) + -60.
-42
What is -241 + 151 + -6 + (-1 - -4) + 11?
-82
Calculate (106 - 104) + (37 - 16).
23
Calculate (-80 - 19) + 80 + -3.
-22
-31 + (-487 + 539 - (0 + 28))
-7
What is the value of (-88 - -193) + -114 - (-51 + 3)?
39
What is the value of 1484 - 1522 - (31 - 2 - 3)?
-64
0 + -27 + -206 + 268
35
Evaluate 99 + -99 - (2 + -3 - -69) - 18.
-86
Calculate 2 + 101 - 185 - -164.
82
What is the value of (-11395 - -11434 - (0 - (-19 - 0))) + 84?
104
What is the value of (16 + -27 - (-6 - -1 - 2)) + -36?
-40
Calculate (-3 - 6 - (-64 - -46)) + 8.
17
What is the value of -22 + (40 + -111 - 14)?
-107
What is the value of (-1 - -1) + 62 + -49 - 11?
2
What is 7 + (37 - (38 + 15))?
-9
What is the value of (30 - 8 - ((2 - -3) + 5)) + -44?
-32
What is the value of 54 - 15 - (70 + -31)?
0
What is -1 + (-5 - -18) - (-74 + 5 + 7)?
74
What is (51 - -1 - ((35 - 54) + 29)) + -5?
37
Evaluate (